hat are the prime factors of a?
3, 13, 19
Suppose -14*n + 506466 = -3*h, 70*n + 2*h = 69*n + 36185. What are the prime factors of n?
3, 31, 389
Let r be 760/(-15)*21/(-14)*-1. Let i(p) = -p - 165. Let y be i(0). Let q = r - y. List the prime factors of q.
89
Let q(i) = -i**2 - 14*i - 11. Let o be q(-5). Let b be ((-85)/o)/(1 + (-6)/4). Suppose -85 + 6 = -c + b*l, l - 291 = -5*c. List the prime factors of c.
59
Let k be -2 - (-26)/12 - 130/(-12). Let b(t) = 2*t**2 + 6*t - 44. List the prime factors of b(k).
2, 3, 11
Suppose 1242*b - 1282*b + 531800 = 0. List the prime factors of b.
5, 2659
Suppose -5*o = 4*j - 100823, 5*j + 96124 - 277590 = -9*o. List the prime factors of o.
19, 1061
Suppose 5*r - 14856 = 5*o + 7*r, -11898 = 4*o - 5*r. What are the prime factors of 3/(-15) + (-3 - o/10)?
2, 3, 7
Let j = 189 - 135. Suppose -j*t - 10 = -49*t. What are the prime factors of 142*(-5)/t*5/25?
71
Suppose -41*h + 40*h + 9911 = 2*r, -r + 3*h + 4959 = 0. List the prime factors of r.
2, 3, 7, 59
Let v(m) = -m**3 - 99*m**2 - 159*m - 359. What are the prime factors of v(-100)?
25541
Let s = 97 - -344. Suppose -8*x - 738 = -2578. Let f = s - x. List the prime factors of f.
211
Suppose 0 = 2*x + 358 + 1314. Let t = x - -1060. List the prime factors of t.
2, 7
Let x be 4/(-14) + 36/(-21) + 20. Suppose x*u = 14*u + 36. Suppose -8*z - 144 = -u*z. What are the prime factors of z?
2, 3
List the prime factors of -2038*(-16)/(64/8).
2, 1019
Let o = 4437 - -3039. What are the prime factors of o?
2, 3, 7, 89
Let d(b) = -b**3 - 4*b**2 - 2*b + 11. Let a be d(-7). Let n = a - 48. Let x = n + -51. List the prime factors of x.
73
Let o(j) = -7*j + j + 5*j**2 - 37*j**2 + 2*j + 3*j**3 - 2*j**3 - 112. What are the prime factors of o(33)?
5, 13
Let d(l) = -3*l - 39. Let g be (1 + -2)/((-9)/(-135)). Let s be d(g). Suppose -s*v + 905 = 149. What are the prime factors of v?
2, 3, 7
Suppose 0 = -q + n + 4436, -4440 = -10*q + 9*q + 3*n. Suppose -25*s - q = -31*s. List the prime factors of s.
739
Suppose 23139 = 3*m + 3*j, -3*m = -6*m - j + 23137. List the prime factors of m.
2, 241
Let b(n) = 8*n**2 + 9*n - 161. List the prime factors of b(-21).
2, 7, 227
Suppose 2*c - 2*m = -4, -2*c - 3*c - 24 = 2*m. Let v be (-33)/c + (-7)/28. Suppose 15 = -v*l + 3*l, -5*l = 3*q - 357. What are the prime factors of q?
2, 31
Let r = -55 + 62. Let s be 0/r - (-9 + 0). Suppose z - s*z + 800 = 0. What are the prime factors of z?
2, 5
Let b be (8/5)/(2/105). Let v = -5196 - -5201. What are the prime factors of b - -2*v/5?
2, 43
Suppose 20 = -5*s, 3*z - 3*s = -0 - 6. Let a(d) be the second derivative of d**4/2 + 11*d**3/6 + 2*d**2 + 38*d. What are the prime factors of a(z)?
2, 7, 11
List the prime factors of (-7728)/(-3) - (-20 + 20).
2, 7, 23
Let l(i) be the first derivative of i**3/3 + 3*i**2 + 4*i - 12. Let p be l(-7). Let d = p - -41. List the prime factors of d.
2, 13
Let z = 4578 - -21474. What are the prime factors of z?
2, 3, 13, 167
Suppose 39*r - 4590 = 48*r. Let s = r - -892. List the prime factors of s.
2, 191
Let v(t) = -t**2 + t + 2. Let a be v(-3). Suppose -2*j - j = -3*y + 102, 0 = 5*j - 4*y + 175. List the prime factors of (-246)/a + j/65.
2, 3
Let x be (165/9)/((-1)/(-12)). Let g be 3/(6*1/x). Suppose 4*y - 149 - 286 = 5*z, y - g = z. What are the prime factors of y?
5, 23
Suppose -7*i + 31 = 3. Suppose 4*s = -5*q + 8816, -1776 = -4*q + 3*q - i*s. List the prime factors of q.
2, 5, 11
Let v(h) = 3*h + 2*h**2 - h - 4*h + 5*h**2 - 7*h - 29. What are the prime factors of v(13)?
17, 61
Let j = 2442 + 253. List the prime factors of j.
5, 7, 11
Let c(g) = -597*g - 3940. What are the prime factors of c(-36)?
2, 1097
Let y(r) = -2*r**3 - 19*r**2 - 10*r - 13. Let t be y(-9). Let f be 3 + 1471 + (6 - 3). What are the prime factors of f/14*t/(-2)?
211
Let a = 116 - 91. Let x = a - -91. Let z = -86 + x. List the prime factors of z.
2, 3, 5
Let r = -517 + 163. Let k = -58 - r. Let l = -139 + k. List the prime factors of l.
157
Suppose 0 = -4*p + 4*d + 10516, d = -2*p - 3*p + 13133. Let y = 4127 - p. What are the prime factors of y?
2, 3, 5
Suppose -2*r + 3*g + 39828 = 0, -98*g = -99*g. What are the prime factors of r?
2, 3, 3319
Suppose 0 = 9*u - 981 - 963. Suppose 206*n = u*n - 15970. List the prime factors of n.
1597
Let o = -43 + 18. Let m = 30 + o. Suppose m*a + 4*f = 121, 2*a - 31 = -2*f + 17. List the prime factors of a.
5
Suppose 7886 = 5*y + 2*a - 12464, 3*y + 3*a - 12219 = 0. Suppose 5*x = -20, -592 = -4*p + 2*x + y. What are the prime factors of p?
1163
Let o = 7464 - 2947. List the prime factors of o.
4517
Suppose a + 4*m = 40904 - 4245, -183247 = -5*a - 4*m. What are the prime factors of a?
13, 2819
Let c(w) = 30*w**2 - 55*w + 723. What are the prime factors of c(19)?
2, 37, 71
Let f(c) = -528*c**3 - c**2 + 15*c + 24. List the prime factors of f(-3).
2, 3, 2371
Let o be (141/1)/(63/1659). Suppose -o = 13*y - 12735. What are the prime factors of y?
2, 347
Let f(g) = 19*g**2 + 8*g + 17. Let n be 60/210 + 88/(-14). List the prime factors of f(n).
653
Suppose -a + 4*a = -3*a. Suppose a = -4*x + 2*n - 10, -x + 5*x = -4*n - 4. Let y = 43 - x. What are the prime factors of y?
3, 5
Let a = 6 - 3. Suppose 3*v = -2*g + 229 - 151, 48 = 2*g - 2*v. Suppose 8*s = z + 4*s - g, -5*s = z - a. List the prime factors of z.
2, 3
Let g = 8 + 3. Suppose 16*i = g*i + 4065. List the prime factors of i.
3, 271
Let w = -5427 - -30282. List the prime factors of w.
3, 5, 1657
Let p(g) = 469*g + 5712. What are the prime factors of p(35)?
7, 29, 109
Let f(p) = -p - 14. Let c be 994/(-70) - (2/10)/(-1). Let s be f(c). Suppose s = 16*m - 1857 - 159. What are the prime factors of m?
2, 3, 7
Let j be ((760/15)/8 + -6)*-3. Let o = 50 - 170. What are the prime factors of ((-11)/(-11))/(j - o/118)?
59
Let j be -2*(-816)/9*(12 + -15). What are the prime factors of (j/64)/((-1)/118)?
17, 59
Suppose -7*c - 32*c - 43*c = -673630. What are the prime factors of c?
5, 31, 53
Suppose 3*g - 24949 = -4*f + 447, 5*g - 42355 = -f. What are the prime factors of g?
2, 3, 353
Suppose 213*l - 161*l - 221000 = 0. List the prime factors of l.
2, 5, 17
Let g(y) = -y + 9. Let f be g(5). Suppose x - 31*h - 802 = -33*h, -5*x - f*h + 4028 = 0. List the prime factors of x.
2, 101
Suppose -4*n - 5*s + 101849 = -0*s, 0 = 5*n - s - 127362. List the prime factors of n.
25471
Suppose 0 = 4*u + 5*x - 84218, 3*u + 16*u - 2*x - 399984 = 0. List the prime factors of u.
2, 19, 277
Let q(x) = x**2 + 7*x - 55. Let y be q(-26). Let j = -9 + y. What are the prime factors of j?
2, 5, 43
Let r(j) = 11*j**2 - j + 2*j**2 - 10*j - 1 - 3. Suppose -b + 5*b - 2*c = -12, -5*b - c - 15 = 0. List the prime factors of r(b).
2, 73
Suppose -t - 52 = -4*o + 103, 4*o = 2*t + 154. Suppose -4*a + o = -3*m, -6*a + 19 = -2*a + m. List the prime factors of a/14 + 5476/28.
2, 7
Suppose a - 4756128 = -59*a - 88*a. List the prime factors of a.
2, 3, 13, 103
What are the prime factors of (-80)/1000 + (-5817385)/(-125)?
3, 5171
Let i = 132383 - 91741. List the prime factors of i.
2, 7, 2903
Suppose 190 - 746 = -4*w. Let l = -135 + w. Suppose -2*r = n - 330, 0*r + l*r = 3*n + 640. List the prime factors of r.
163
Let o be (18/(-6))/(36/(-33) - -1). Suppose 9 = 7*q - o. Suppose -560 = -13*u + q*u. List the prime factors of u.
2, 5
Let r(h) = -17*h**3 - 4*h**2 + 6*h - 1. Let n = 46 - 50. List the prime factors of r(n).
3, 37
Suppose -2*p - n = -22061, 118*n = -4*p + 123*n + 44087. What are the prime factors of p?
2, 3, 919
Suppose 121*z - 127*z = -216. Suppose z*i = 33*i + 567. List the prime factors of i.
3, 7
Let i = 31309 - 16003. What are the prime factors of i?
2, 3, 2551
Let i = -7 - -3. Let h be 124/40 + (-19)/190. What are the prime factors of i/6*1*-9*h?
2, 3
Let y be (20/8)/(10*4/32). Let n(a) = 57*a + 9. What are the prime factors of n(y)?
3, 41
Suppose 1187271 = 163*n - 133192. What are the prime factors of n?
8101
Let n(p) = -p - p - 2 - 7*p**2 + 3*p. Let h be n(1). What are the prime factors of 2/h - 1935/(-12)?
7, 23
What are the prime factors of (-1*2204/8)/(2/(-28))?
7, 19, 29
Suppose 1891 = -x - 5*k, 4*x = 3*k - 11401 + 3791. Let b = 3488 + x. What are the prime factors of b?
3, 23
Let d(x) = x**3 + 9*x**2 - x + 3. Let v be d(-9). Suppose 0 = u - v + 11. What are t